{"id":22,"date":"2013-07-26T21:27:43","date_gmt":"2013-07-26T21:27:43","guid":{"rendered":"http:\/\/themes.kadencethemes.com\/virtue\/?page_id=22"},"modified":"2020-12-03T22:22:41","modified_gmt":"2020-12-03T22:22:41","slug":"inicio-cognosweb-soluciones-tecnologicas-empresariales","status":"publish","type":"page","link":"https:\/\/cognosweb.com\/cognoswp\/","title":{"rendered":"Inicio"},"content":{"rendered":"<h3><span style=\"font-size: 8pt; color: #ffffff;\">Inicio &#8211; CognosWeb soluciones tecnol\u00f3gicas empresariales<\/span><\/h3>\n<p><span style=\"font-size: 14pt; font-family: helvetica, arial, sans-serif;\">CognosWEB le brinda las soluciones efectivas en las \u00e1reas de <a href=\"https:\/\/auladelconocimiento.com\" target=\"_blank\" rel=\"noopener\">capacitaci\u00f3n virtual<\/a>, tiendas en l\u00ednea y dise\u00f1o especializado de p\u00e1ginas web\u00a0 para que su presencia en internet sea de avanzada, productiva y tenga lo que requiere para llegar a sus clientes, proveedores y asociados, logrando as\u00ed un alineamiento con los objetivos de su empresa o entidad .<img loading=\"lazy\" decoding=\"async\" class=\"alignnone  wp-image-1214\" src=\"https:\/\/cognosweb.com\/cognoswp\/wp-content\/uploads\/2020\/05\/apple-icon-60x60-1.png\" alt=\"Inicio\" width=\"5\" height=\"5\" title=\"\"> <\/span><\/p>\n<h3 style=\"text-align: center;\"><span style=\"color: #333333; font-size: 18pt; font-family: helvetica, arial, sans-serif;\">Algunos de nuestros proyectos<\/span><\/h3>\n<h5><strong><em>\u00a0<\/em><\/strong><\/h5>\n\n<style>.wp-block-kadence-advancedgallery.kb-gallery-wrap-id-_5f9763-71{overflow:hidden;}.kb-gallery-type-carousel.kb-gallery-id-_5f9763-71 .kt-blocks-carousel .kt-blocks-carousel-init{margin:0 -27px;}.kb-gallery-type-carousel.kb-gallery-id-_5f9763-71 .kt-blocks-carousel .kt-blocks-carousel-init .kb-slide-item{padding:4px 27px;}.kb-gallery-type-carousel.kb-gallery-id-_5f9763-71 .kt-blocks-carousel .kt-blocks-carousel-init .slick-prev{left:27px;}.kb-gallery-type-carousel.kb-gallery-id-_5f9763-71 .kt-blocks-carousel .kt-blocks-carousel-init .slick-next{right:27px;}.kb-gallery-id-_5f9763-71 .kadence-blocks-gallery-item .kb-gal-image-radius, .kb-gallery-id-_5f9763-71 .kb-slide-item .kb-gal-image-radius img{border-radius:0px 0px 0px 0px;;}.wp-block-kadence-advancedgallery.kb-gallery-wrap-id-_5f9763-71{overflow:visible;}.kb-gallery-id-_5f9763-71 .kadence-blocks-gallery-item .kb-gal-image-radius, .kb-gallery-id-_5f9763-71 .kadence-blocks-gallery-thumb-item .kb-gal-image-radius{box-shadow:4px 2px 14px 0px rgba(0, 0, 0, 0.2);}.kb-gallery-id-_5f9763-71 .kadence-blocks-gallery-item:hover .kb-gal-image-radius, .kb-gallery-id-_5f9763-71 .kadence-blocks-gallery-thumb-item:hover .kb-gal-image-radius{box-shadow:4px 2px 14px 0px rgba(0, 0, 0, 0.2);}.kb-gallery-caption-style-bottom.kb-gallery-id-_5f9763-71 .kadence-blocks-gallery-item .kadence-blocks-gallery-item-inner .kadence-blocks-gallery-item__caption, .kb-gallery-caption-style-bottom-hover.kb-gallery-id-_5f9763-71 .kadence-blocks-gallery-item .kadence-blocks-gallery-item-inner .kadence-blocks-gallery-item__caption{background:linear-gradient(0deg, rgba(0, 0, 0, 0.5) 0, rgba(0, 0, 0, 0) 100%);}<\/style>\n<div class=\"wp-block-kadence-advancedgallery kb-gallery-wrap-id-_5f9763-71\"><div class=\"kb-gallery-ul kb-gallery-type-carousel kb-mobile-force-hover kb-gallery-id-_5f9763-71 kb-gallery-caption-style-bottom-hover kb-gallery-filter-none\" data-image-filter=\"none\" data-lightbox-caption=\"true\"><div class=\"kt-blocks-carousel kt-carousel-container-dotstyle-dark\"><div class=\"kt-blocks-carousel-init kb-gallery-carousel kt-carousel-arrowstyle-blackonlight kt-carousel-dotstyle-dark\" data-columns-xxl=\"3\" data-columns-xl=\"3\" data-columns-md=\"3\" data-columns-sm=\"2\" data-columns-xs=\"1\" data-columns-ss=\"1\" data-slider-anim-speed=\"1370\" data-slider-scroll=\"1\" data-slider-arrows=\"true\" data-slider-dots=\"true\" data-slider-hover-pause=\"false\" data-slider-auto=\"true\" data-slider-speed=\"8100\"><div class=\"kb-slide-item kb-gallery-carousel-item\"><div class=\"kadence-blocks-gallery-item\"><div class=\"kadence-blocks-gallery-item-inner\"><figure class=\"kb-gallery-figure kb-gallery-item-has-link kb-has-image-ratio-land43\"><a href=\"https:\/\/cognosweb.com\/cognoswp\/7-3\/\" class=\"kb-gallery-item-link\"><div class=\"kb-gal-image-radius\"><div class=\"kb-gallery-image-contain kadence-blocks-gallery-intrinsic kb-gallery-image-ratio-land43\"><img loading=\"lazy\" decoding=\"async\" src=\"https:\/\/cognosweb.com\/cognoswp\/wp-content\/uploads\/2020\/12\/7.png\" width=\"500\" height=\"300\" data-full-image=\"https:\/\/cognosweb.com\/cognoswp\/wp-content\/uploads\/2020\/12\/7.png\" data-light-image=\"https:\/\/cognosweb.com\/cognoswp\/wp-content\/uploads\/2020\/12\/7.png\" data-id=\"2151\" data-link=\"https:\/\/cognosweb.com\/cognoswp\/7-3\/\" class=\"wp-image-2151 skip-lazy\" alt=\"\" title=\"\" srcset=\"https:\/\/cognosweb.com\/cognoswp\/wp-content\/uploads\/2020\/12\/7.png 500w, https:\/\/cognosweb.com\/cognoswp\/wp-content\/uploads\/2020\/12\/7-300x180.png 300w\" sizes=\"auto, (max-width: 500px) 100vw, 500px\" \/><\/div><\/div><\/a><\/figure><\/div><\/div><\/div><div class=\"kb-slide-item kb-gallery-carousel-item\"><div class=\"kadence-blocks-gallery-item\"><div class=\"kadence-blocks-gallery-item-inner\"><figure class=\"kb-gallery-figure kb-gallery-item-has-link kb-has-image-ratio-land43\"><a href=\"https:\/\/cognosweb.com\/cognoswp\/6-6\/\" class=\"kb-gallery-item-link\"><div class=\"kb-gal-image-radius\"><div class=\"kb-gallery-image-contain kadence-blocks-gallery-intrinsic kb-gallery-image-ratio-land43\"><img loading=\"lazy\" decoding=\"async\" src=\"https:\/\/cognosweb.com\/cognoswp\/wp-content\/uploads\/2020\/12\/6.png\" width=\"500\" height=\"300\" data-full-image=\"https:\/\/cognosweb.com\/cognoswp\/wp-content\/uploads\/2020\/12\/6.png\" data-light-image=\"https:\/\/cognosweb.com\/cognoswp\/wp-content\/uploads\/2020\/12\/6.png\" data-id=\"2150\" data-link=\"https:\/\/cognosweb.com\/cognoswp\/6-6\/\" class=\"wp-image-2150 skip-lazy\" alt=\"\" title=\"\" srcset=\"https:\/\/cognosweb.com\/cognoswp\/wp-content\/uploads\/2020\/12\/6.png 500w, https:\/\/cognosweb.com\/cognoswp\/wp-content\/uploads\/2020\/12\/6-300x180.png 300w\" sizes=\"auto, (max-width: 500px) 100vw, 500px\" \/><\/div><\/div><\/a><\/figure><\/div><\/div><\/div><div class=\"kb-slide-item kb-gallery-carousel-item\"><div class=\"kadence-blocks-gallery-item\"><div class=\"kadence-blocks-gallery-item-inner\"><figure class=\"kb-gallery-figure kb-gallery-item-has-link kb-has-image-ratio-land43\"><a href=\"https:\/\/cognosweb.com\/cognoswp\/5-7\/\" class=\"kb-gallery-item-link\"><div class=\"kb-gal-image-radius\"><div class=\"kb-gallery-image-contain kadence-blocks-gallery-intrinsic kb-gallery-image-ratio-land43\"><img loading=\"lazy\" decoding=\"async\" src=\"https:\/\/cognosweb.com\/cognoswp\/wp-content\/uploads\/2020\/12\/5.png\" width=\"500\" height=\"300\" data-full-image=\"https:\/\/cognosweb.com\/cognoswp\/wp-content\/uploads\/2020\/12\/5.png\" data-light-image=\"https:\/\/cognosweb.com\/cognoswp\/wp-content\/uploads\/2020\/12\/5.png\" data-id=\"2149\" data-link=\"https:\/\/cognosweb.com\/cognoswp\/5-7\/\" class=\"wp-image-2149 skip-lazy\" alt=\"\" title=\"\" srcset=\"https:\/\/cognosweb.com\/cognoswp\/wp-content\/uploads\/2020\/12\/5.png 500w, https:\/\/cognosweb.com\/cognoswp\/wp-content\/uploads\/2020\/12\/5-300x180.png 300w\" sizes=\"auto, (max-width: 500px) 100vw, 500px\" \/><\/div><\/div><\/a><\/figure><\/div><\/div><\/div><div class=\"kb-slide-item kb-gallery-carousel-item\"><div class=\"kadence-blocks-gallery-item\"><div class=\"kadence-blocks-gallery-item-inner\"><figure class=\"kb-gallery-figure kb-gallery-item-has-link kb-has-image-ratio-land43\"><a href=\"https:\/\/cognosweb.com\/cognoswp\/4-7\/\" class=\"kb-gallery-item-link\"><div class=\"kb-gal-image-radius\"><div class=\"kb-gallery-image-contain kadence-blocks-gallery-intrinsic kb-gallery-image-ratio-land43\"><img loading=\"lazy\" decoding=\"async\" src=\"https:\/\/cognosweb.com\/cognoswp\/wp-content\/uploads\/2020\/12\/4.png\" width=\"500\" height=\"300\" data-full-image=\"https:\/\/cognosweb.com\/cognoswp\/wp-content\/uploads\/2020\/12\/4.png\" data-light-image=\"https:\/\/cognosweb.com\/cognoswp\/wp-content\/uploads\/2020\/12\/4.png\" data-id=\"2148\" data-link=\"https:\/\/cognosweb.com\/cognoswp\/4-7\/\" class=\"wp-image-2148 skip-lazy\" alt=\"\" title=\"\" srcset=\"https:\/\/cognosweb.com\/cognoswp\/wp-content\/uploads\/2020\/12\/4.png 500w, https:\/\/cognosweb.com\/cognoswp\/wp-content\/uploads\/2020\/12\/4-300x180.png 300w\" sizes=\"auto, (max-width: 500px) 100vw, 500px\" \/><\/div><\/div><\/a><\/figure><\/div><\/div><\/div><div class=\"kb-slide-item kb-gallery-carousel-item\"><div class=\"kadence-blocks-gallery-item\"><div class=\"kadence-blocks-gallery-item-inner\"><figure class=\"kb-gallery-figure kb-gallery-item-has-link kb-has-image-ratio-land43\"><a href=\"https:\/\/cognosweb.com\/cognoswp\/3-6\/\" class=\"kb-gallery-item-link\"><div class=\"kb-gal-image-radius\"><div class=\"kb-gallery-image-contain kadence-blocks-gallery-intrinsic kb-gallery-image-ratio-land43\"><img loading=\"lazy\" decoding=\"async\" src=\"https:\/\/cognosweb.com\/cognoswp\/wp-content\/uploads\/2020\/12\/3.png\" width=\"500\" height=\"300\" data-full-image=\"https:\/\/cognosweb.com\/cognoswp\/wp-content\/uploads\/2020\/12\/3.png\" data-light-image=\"https:\/\/cognosweb.com\/cognoswp\/wp-content\/uploads\/2020\/12\/3.png\" data-id=\"2147\" data-link=\"https:\/\/cognosweb.com\/cognoswp\/3-6\/\" class=\"wp-image-2147 skip-lazy\" alt=\"\" title=\"\" srcset=\"https:\/\/cognosweb.com\/cognoswp\/wp-content\/uploads\/2020\/12\/3.png 500w, https:\/\/cognosweb.com\/cognoswp\/wp-content\/uploads\/2020\/12\/3-300x180.png 300w\" sizes=\"auto, (max-width: 500px) 100vw, 500px\" \/><\/div><\/div><\/a><\/figure><\/div><\/div><\/div><div class=\"kb-slide-item kb-gallery-carousel-item\"><div class=\"kadence-blocks-gallery-item\"><div class=\"kadence-blocks-gallery-item-inner\"><figure class=\"kb-gallery-figure kb-gallery-item-has-link kb-has-image-ratio-land43\"><a href=\"https:\/\/cognosweb.com\/cognoswp\/2-6\/\" class=\"kb-gallery-item-link\"><div class=\"kb-gal-image-radius\"><div class=\"kb-gallery-image-contain kadence-blocks-gallery-intrinsic kb-gallery-image-ratio-land43\"><img loading=\"lazy\" decoding=\"async\" src=\"https:\/\/cognosweb.com\/cognoswp\/wp-content\/uploads\/2020\/12\/2.png\" width=\"500\" height=\"300\" data-full-image=\"https:\/\/cognosweb.com\/cognoswp\/wp-content\/uploads\/2020\/12\/2.png\" data-light-image=\"https:\/\/cognosweb.com\/cognoswp\/wp-content\/uploads\/2020\/12\/2.png\" data-id=\"2146\" data-link=\"https:\/\/cognosweb.com\/cognoswp\/2-6\/\" class=\"wp-image-2146 skip-lazy\" alt=\"\" title=\"\" srcset=\"https:\/\/cognosweb.com\/cognoswp\/wp-content\/uploads\/2020\/12\/2.png 500w, https:\/\/cognosweb.com\/cognoswp\/wp-content\/uploads\/2020\/12\/2-300x180.png 300w\" sizes=\"auto, (max-width: 500px) 100vw, 500px\" \/><\/div><\/div><\/a><\/figure><\/div><\/div><\/div><div class=\"kb-slide-item kb-gallery-carousel-item\"><div class=\"kadence-blocks-gallery-item\"><div class=\"kadence-blocks-gallery-item-inner\"><figure class=\"kb-gallery-figure kb-gallery-item-has-link kb-has-image-ratio-land43\"><a href=\"https:\/\/cognosweb.com\/cognoswp\/1-7\/\" class=\"kb-gallery-item-link\"><div class=\"kb-gal-image-radius\"><div class=\"kb-gallery-image-contain kadence-blocks-gallery-intrinsic kb-gallery-image-ratio-land43\"><img loading=\"lazy\" decoding=\"async\" src=\"https:\/\/cognosweb.com\/cognoswp\/wp-content\/uploads\/2020\/12\/1.png\" width=\"500\" height=\"300\" data-full-image=\"https:\/\/cognosweb.com\/cognoswp\/wp-content\/uploads\/2020\/12\/1.png\" data-light-image=\"https:\/\/cognosweb.com\/cognoswp\/wp-content\/uploads\/2020\/12\/1.png\" data-id=\"2145\" data-link=\"https:\/\/cognosweb.com\/cognoswp\/1-7\/\" class=\"wp-image-2145 skip-lazy\" alt=\"\" title=\"\" srcset=\"https:\/\/cognosweb.com\/cognoswp\/wp-content\/uploads\/2020\/12\/1.png 500w, https:\/\/cognosweb.com\/cognoswp\/wp-content\/uploads\/2020\/12\/1-300x180.png 300w\" sizes=\"auto, (max-width: 500px) 100vw, 500px\" \/><\/div><\/div><\/a><\/figure><\/div><\/div><\/div><\/div><\/div><\/div><\/div>\n\n\n\n<p><span style=\"color: #ffffff; font-size: 8pt;\"><strong>Si deseas conocer algunos de nuestros servicios\u00a0 en dise\u00f1o Web, por favor ingresa al siguiente enlace <a style=\"color: #ffffff;\" href=\"https:\/\/cognosweb.com\/cognoswp\/diseno-web\/\">https:\/\/cognosweb.com\/cognoswp\/diseno-web\/<\/a>\u00a0<\/strong><\/span><\/p>\n<p><span style=\"color: #ffffff; font-size: 8pt;\"><strong>Si deseas conocer nuestro portal educativo, usa el siguiente enlace: <a style=\"color: #ffffff;\" href=\"https:\/\/auladelconocimiento.com\" target=\"_blank\" rel=\"noopener\">https:\/\/auladelconocimiento.com<\/a><\/strong><\/span><\/p>\n","protected":false},"excerpt":{"rendered":"<p>Inicio &#8211; CognosWeb soluciones tecnol\u00f3gicas empresariales CognosWEB le brinda las soluciones efectivas en las \u00e1reas de capacitaci\u00f3n virtual, tiendas en l\u00ednea y dise\u00f1o especializado de p\u00e1ginas web\u00a0 para que su presencia en internet sea de avanzada, productiva y tenga lo &hellip; <a href=\"https:\/\/cognosweb.com\/cognoswp\/\">Continuar<\/a><\/p>\n","protected":false},"author":1,"featured_media":0,"parent":0,"menu_order":0,"comment_status":"closed","ping_status":"open","template":"","meta":{"_acf_changed":false,"kt_blocks_editor_width":"","footnotes":""},"class_list":["post-22","page","type-page","status-publish","hentry"],"acf":[],"_links":{"self":[{"href":"https:\/\/cognosweb.com\/cognoswp\/wp-json\/wp\/v2\/pages\/22","targetHints":{"allow":["GET"]}}],"collection":[{"href":"https:\/\/cognosweb.com\/cognoswp\/wp-json\/wp\/v2\/pages"}],"about":[{"href":"https:\/\/cognosweb.com\/cognoswp\/wp-json\/wp\/v2\/types\/page"}],"author":[{"embeddable":true,"href":"https:\/\/cognosweb.com\/cognoswp\/wp-json\/wp\/v2\/users\/1"}],"replies":[{"embeddable":true,"href":"https:\/\/cognosweb.com\/cognoswp\/wp-json\/wp\/v2\/comments?post=22"}],"version-history":[{"count":0,"href":"https:\/\/cognosweb.com\/cognoswp\/wp-json\/wp\/v2\/pages\/22\/revisions"}],"wp:attachment":[{"href":"https:\/\/cognosweb.com\/cognoswp\/wp-json\/wp\/v2\/media?parent=22"}],"curies":[{"name":"wp","href":"https:\/\/api.w.org\/{rel}","templated":true}]}}