{"id":909,"date":"2020-05-14T23:21:35","date_gmt":"2020-05-14T23:21:35","guid":{"rendered":"https:\/\/cognosweb.com\/cognoswp\/?page_id=909"},"modified":"2020-11-26T04:21:07","modified_gmt":"2020-11-26T04:21:07","slug":"diseno-web-basico","status":"publish","type":"page","link":"https:\/\/cognosweb.com\/cognoswp\/diseno-web-basico\/","title":{"rendered":"Dise\u00f1o Web b\u00e1sico"},"content":{"rendered":"<h2>Dise\u00f1o Web b\u00e1sico<\/h2>\n<h3>Servicio de dise\u00f1o sencillo de p\u00e1gina web<\/h3>\n<ul>\n<li>\u00a0Dominio por un a\u00f1o.<\/li>\n<li>Hosting compartido por un a\u00f1o.<\/li>\n<li>Cinco Correos Electr\u00f3nicos<\/li>\n<li>Elaboraci\u00f3n de p\u00e1gina web con 5 subp\u00e1ginas con plantillas.<\/li>\n<\/ul>\n<p>Este kit econ\u00f3mico permite publicar una sencilla p\u00e1gina web b\u00e1sica con el menor costo posible, incluyendo el costo anual del dominio, un a\u00f1o de hospedaje de la p\u00e1gina en un servidor compartido con otro usuario, dos correos electr\u00f3nicos y una peque\u00f1a p\u00e1gina web con una p\u00e1gina principal de la cual se desprenden 4 subp\u00e1ginas que pueden incluir productos, servicios, contactos, informaci\u00f3n etc.<\/p>\n<p>Esta soluci\u00f3n b\u00e1sica le permitir\u00e1 estar presente en Internet y verificar la efectividad de estar presente en el medio virtual<\/p>\n<p>Tambi\u00e9n te brindamos servicios de <a href=\"https:\/\/cognosweb.com\/cognoswp\/rediseno-web-la-solucion\/\">redise\u00f1o web<\/a> en caso de que no te encuentres conforme con tu soluci\u00f3n actual y el servicio de<a href=\"https:\/\/cognosweb.com\/cognoswp\/auditoria-web\/\"> auditor\u00eda web<\/a> por si quieres verificar el estado de ella.<\/p>\n<p>Si deseas conocer algunos de nuestros servicios\u00a0 por favor ingresa al siguiente enlace: <a href=\"https:\/\/cognosweb.com\/cognoswp\/capacitacion-virtual\/\">https:\/\/cognosweb.com\/cognoswp\/capacitacion-virtual<\/a>\u00a0 para todo lo referente a la capacitaci\u00f3n virtual y todas las posibilidades.<\/p>\n<p>Si deseas conocer nuestro portal educativo, usa el siguiente enlace: <a href=\"https:\/\/auladelconocimiento.com\" target=\"_blank\" rel=\"noopener noreferrer\">https:\/\/auladelconocimiento.com<\/a><\/p>\n<p>Si deseas conocer nuestras soluciones en comercio electr\u00f3nico y tiendas virtuales por favor utiliza el siguiente enlace: <a href=\"https:\/\/cognosweb.com\/cognoswp\/tiendas-virtuales\/\">https:\/\/cognosweb.com\/cognoswp\/tiendas-virtuales\/<\/a><\/p>\n<p>Si deseas una cotizaci\u00f3n ajustada a tus necesidades por favor utiliza el siguiente enlace: <a href=\"https:\/\/cognosweb.com\/cognoswp\/quiero-cotizar\/\">https:\/\/cognosweb.com\/cognoswp\/quiero-cotizar\/<\/a><\/p>\n","protected":false},"excerpt":{"rendered":"<p>Dise\u00f1o Web b\u00e1sico Servicio de dise\u00f1o sencillo de p\u00e1gina web \u00a0Dominio por un a\u00f1o. Hosting compartido por un a\u00f1o. Cinco Correos Electr\u00f3nicos Elaboraci\u00f3n de p\u00e1gina web con 5 subp\u00e1ginas con plantillas. Este kit econ\u00f3mico permite publicar una sencilla p\u00e1gina web &hellip; <a href=\"https:\/\/cognosweb.com\/cognoswp\/diseno-web-basico\/\">Continuar<\/a><\/p>\n","protected":false},"author":1,"featured_media":0,"parent":0,"menu_order":0,"comment_status":"closed","ping_status":"closed","template":"","meta":{"_acf_changed":false,"kt_blocks_editor_width":"","footnotes":""},"class_list":["post-909","page","type-page","status-publish","hentry"],"acf":[],"_links":{"self":[{"href":"https:\/\/cognosweb.com\/cognoswp\/wp-json\/wp\/v2\/pages\/909","targetHints":{"allow":["GET"]}}],"collection":[{"href":"https:\/\/cognosweb.com\/cognoswp\/wp-json\/wp\/v2\/pages"}],"about":[{"href":"https:\/\/cognosweb.com\/cognoswp\/wp-json\/wp\/v2\/types\/page"}],"author":[{"embeddable":true,"href":"https:\/\/cognosweb.com\/cognoswp\/wp-json\/wp\/v2\/users\/1"}],"replies":[{"embeddable":true,"href":"https:\/\/cognosweb.com\/cognoswp\/wp-json\/wp\/v2\/comments?post=909"}],"version-history":[{"count":0,"href":"https:\/\/cognosweb.com\/cognoswp\/wp-json\/wp\/v2\/pages\/909\/revisions"}],"wp:attachment":[{"href":"https:\/\/cognosweb.com\/cognoswp\/wp-json\/wp\/v2\/media?parent=909"}],"curies":[{"name":"wp","href":"https:\/\/api.w.org\/{rel}","templated":true}]}}